a + 9 = -3*j, j + 2 = -3*a - 1. Let d be (j/(-9))/((-3)/(-54)). Is u(d) a composite number?
False
Let t = 770 + -513. Is t a composite number?
False
Let v be (-6)/4*30*-1. Let k be (-1)/(-1 - (-50)/52). Let n = v - k. Is n prime?
True
Suppose 4*w - 20 = 2*s, 5*s = -2*w + 2 - 16. Let k = -4 - s. Suppose -2*a + 25 + 73 = k. Is a a prime number?
False
Let w = -1 - -6. Let z = w + 14. Is z a prime number?
True
Suppose -4*q = -3*q - 2. Suppose -q = -z + 2. Suppose 4*i - j - 79 = 2*i, 191 = 5*i + z*j. Is i composite?
True
Let k(l) = -l**3 - 3*l**2 + l - 20. Is k(-13) a composite number?
False
Let m = -11 - 7. Is 296/6*(-27)/m composite?
True
Let a be (-12)/5 + 6/(-10). Is a - (-2 + 42/(-3)) composite?
False
Let h = 61 - -47. Let d = h + 185. Is d a composite number?
False
Suppose 9*f = -0*f + 19377. Is f a composite number?
False
Let f(g) = -g**3 + 11*g**2 - 8*g - 2. Let t be f(10). Let c = 5 - 2. Is 1*c*570/t a composite number?
True
Suppose 2*v + v + 12 = 0, 3377 = 5*l + 2*v. Is l composite?
False
Suppose t + 16 = 3*q, 2*t - 3*t + q - 10 = 0. Let l be (-23)/t + (-4)/14. Suppose 0 = -2*i + l*i - 149. Is i prime?
True
Suppose 5*x = 4*p - 89, -2*x = -p - 3*x + 20. Is p a prime number?
False
Let h(o) = 10*o**2 + 3*o + 2. Suppose 5*x - 3*d = 0, 3*x + 2*d - 1 = 6*x. Let u be h(x). Suppose -4*r + 255 + u = 0. Is r prime?
True
Suppose 2*f = -0*f + 10. Let v(q) = q**3 + 2*q**2 - 5*q - 5. Is v(f) composite?
True
Let d(i) = -16*i - 1. Let l be d(1). Let g = l + 86. Is g composite?
True
Suppose -u + 15 = -4. Suppose -u = -5*q - 2*d, -2*q + d + 0*d = -13. Suppose 53 = 2*p + q*b, 15 = -2*b - 3*b. Is p composite?
True
Let h(c) = -170*c**3 - 2*c**2 + 1. Let o be h(-1). Let f = o + -72. Is f a prime number?
True
Let h be 1 - 1/1 - -1. Let y(t) = 1 + 1 - h - t. Is y(-6) prime?
True
Let s = -3 - -8. Is 1/s - 1268/(-10) a composite number?
False
Suppose -4*t = 3*v - 2346, 1012 = v + t + 229. Is v/24 - 1/(-4) a composite number?
True
Let j(i) = 2*i + 13*i + 1 - 3*i. Is j(2) a prime number?
False
Let q(u) = u**3 - 2*u**2 + 4*u - 3. Let d be q(2). Let g = 54 + d. Is g composite?
False
Let u(m) = 17*m**3 + 4*m**2 + m - 7. Is u(3) prime?
True
Let k(t) be the first derivative of t**4/8 - t**3/3 - 3*t**2/2 - 3. Let u(x) be the second derivative of k(x). Is u(7) a prime number?
True
Suppose -5*k + 4*k = -257. Is k a prime number?
True
Suppose 9*z = 5*z. Suppose 0 = -5*t + 5*b + 715, z = -3*t + b + 255 + 178. Is t a prime number?
False
Suppose -4*z = -4*d + 760, -174 = 3*d + 4*z - 709. Suppose 66 = 3*l - 2*s - 47, -5*l + 5*s + d = 0. Is l prime?
False
Let u(s) = 32*s**2 + 3*s - 3. Is u(2) a composite number?
False
Let o = 136 + 4. Suppose 7*n = 2*n + o. Let k = n - 9. Is k composite?
False
Let y(i) = i**2 + 9*i + 4. Let v = 12 - 18. Let m be y(v). Is -2 + ((-3)/(-3) - m) composite?
False
Let j(t) = 40*t + 3. Suppose -6*m = -4*m - 6. Is j(m) a prime number?
False
Let o be (-4)/6 - (-215)/(-15). Let a be -4*2/((-8)/(-82)). Let j = o - a. Is j prime?
True
Let b = -17 - -5. Let z = -6 - b. Suppose -c + 4*c - z = 0. Is c composite?
False
Suppose -5*b = -535 - 2005. Suppose 4*t = 3*q - 1534, -q + 2*t + b = 4*t. Is (6/(-9))/((-4)/q) a prime number?
False
Suppose 3*w + 520 - 1450 = 0. Suppose -5*l - b + w = 0, 3*l - 8*b - 186 = -4*b. Is (-4)/((-4)/l + 0) composite?
True
Let c = 195 - -98. Is c composite?
False
Let n be -2 - (-2 - -1)*4. Let u(b) = -b**3 + b**2. Let k(o) = 20*o**3 + 6*o**2 + o + 1. Let c(z) = k(z) - 4*u(z). Is c(n) a composite number?
True
Let i(f) = 62*f + 4. Let z be i(3). Is z/1 - (-7 + 10) composite?
True
Let c(h) = 9*h - 1. Let f be c(-1). Is (-2)/f - 136/(-20) a composite number?
False
Suppose 4*g - 175 = -43. Is g a composite number?
True
Let v be (78/(-3))/(3 + -5). Is 4 - (1 - (v + -3)) a prime number?
True
Let o = 156 - -985. Is o composite?
True
Suppose -2*s + 7*s - 1913 = 3*l, 4*s - 1529 = l. Suppose s = 3*o - o. Is o a prime number?
True
Let u = 10 - 5. Let s = -43 + 51. Suppose -3*h + 30 = -u*a - 155, -4*a = -s. Is h a prime number?
False
Suppose 3*v - 5*t + 3 = 0, 5*v - 2*t + 2 = -3. Is 2*v + 36 + -1 prime?
False
Suppose -414 = a + 426. Is a/(-16) + (-1)/(-2) prime?
True
Let g = 115 - 68. Is g composite?
False
Suppose k = -5*y + 20, -4*y + 3*k = -2*y - 8. Suppose n - y*r - 5 = 0, 7*n + 71 = 2*n - 4*r. Let i = 18 + n. Is i composite?
False
Suppose -5*t = 9 - 34, 0 = -4*z + 3*t - 51. Let g be ((-2)/(-3))/(3/z). Is g + 0 + 19 + -2 a prime number?
False
Let j = 327 - 178. Is j a prime number?
True
Let y = -9 + 2. Let v(g) = -g + 6. Is v(y) prime?
True
Is 2/(-4)*(-1592 - (-2)/(-1)) a composite number?
False
Let o = -298 + 599. Is o a composite number?
True
Let k(u) = 120*u**2. Let g be k(1). Suppose 0 = 4*s + q - 60, 32 = -5*s + 2*q + g. Let p = 22 - s. Is p composite?
True
Let h = -2 + 6. Suppose 0*l = -3*l - 2*m + 32, -h*m = -3*l + 8. Let i(o) = 4*o - 7. Is i(l) a prime number?
False
Let q(r) = r**3 + 6*r**2 - r + 4. Let z be q(-6). Suppose i = 111 + z. Is i composite?
True
Is 40139/77 + (-2)/7 composite?
False
Let v(s) = 2*s**2 - 17*s + 10. Let i = -32 + 45. Is v(i) a prime number?
True
Is 331 - ((-2 - 2) + 6) a prime number?
False
Let b be -1 + 65 - (3 - 3). Suppose -5*l = 5*z - 220, 4*l = 4*z - b - 72. Is z prime?
False
Let i(w) = w**2 - w - 4. Let g be i(-7). Let c be 23 - 0*2/6. Suppose 3*z - g - c = 0. Is z prime?
False
Let w(l) = l**3 - 4*l**2 - 6*l + 8. Let s be w(5). Suppose 5*b = 2*b - 2*u, 0 = 3*b + 5*u + 9. Suppose 0 = b*i - 3 - s. Is i a prime number?
True
Let b(u) = u**3 + 5*u**2 - 6*u + 7. Let w be b(-5). Let p(s) = -3*s + w + 7*s - 5*s. Is p(0) prime?
True
Suppose -i + 2 = 2*q, 2*q - 2*i = -i + 6. Suppose -g = -q*g + 3. Suppose -5 = -g*o + 40. Is o a prime number?
False
Suppose a = 3*g + 202, 6*a - 2*a - 859 = -5*g. Is a composite?
False
Suppose -4*o + 5*r + 1201 = 177, -2*r = 4*o - 996. Is o a prime number?
True
Let k = 34 + -21. Let q = k + 308. Is q a composite number?
True
Suppose -4*u + 3*m + 324 = -m, -5*m = 2*u - 190. Is u prime?
False
Let u be 328/(-1)*(-1 + 2). Suppose -11*o + 15*o = 24. Is 1/3 - u/o composite?
True
Let q be 957/(-12) + (-2)/8. Let k be (4 - 2)/(7 + -5). Is (q + 2 - k)*-1 a prime number?
True
Let s(a) = 7*a + 6. Let n be s(8). Suppose -4*z + 228 = -z. Suppose 4*d - n = -2*p, 4*p - 2*d = 2*d + z. Is p a prime number?
True
Suppose -5*g = -36 + 156. Let o = -4 + 147. Let q = g + o. Is q a prime number?
False
Let k be (2/(-3))/((-8)/36). Let r be (-12)/(-7) + 2/7. Suppose 0 = -r*f - 2*f + k*o + 868, 2*f - 434 = -5*o. Is f composite?
True
Let h = 2142 + -1115. Is h composite?
True
Is -1*((0 - (0 + -4)) + -4131) a composite number?
False
Let n(j) = -30*j + 5. Let k be n(-4). Suppose -4*q + 591 = -k. Is q a composite number?
False
Let v(a) be the first derivative of -a**4/4 + 8*a**3/3 - 2*a**2 + 2*a - 1. Let r be v(7). Suppose 4*i + f = 26, 9 + r = 4*i + 4*f. Is i a prime number?
False
Suppose -2*y - 3*s + 457 + 875 = 0, 4*y = -5*s + 2666. Is y a prime number?
False
Let p = 18 - 10. Let l be p/1*(-8)/(-16). Suppose -x + 528 = 5*z, 189 = -4*z - l*x + 605. Is z prime?
False
Let l = -10 + 19. Let b(t) = -t**2 + 12*t - 2. Let m be b(l). Suppose -v + 10 = -m. Is v prime?
False
Suppose -g - 2*g = 456. Let t = 235 + g. Is t prime?
True
Let m(o) = -10*o. Is m(-1) prime?
False
Let b be 2/5*(-45)/(-3). Let n(w) = -w**3 + 8*w**2 - 5*w - 5. Is n(b) composite?
False
Let i(c) = -c - 3. Let j be i(-6). Suppose q + 198 = j*q. Suppose 0 = -4*k + 5*p + q, -5*k - 2*p + 99 = -0*k. Is k composite?
True
Is (3 - 160/12)*-3 prime?
True
Let n = -2 + 6. Suppose 1381 = 4*p + 5*o, -n*p = -3*p + o - 344. Is p a composite number?
True
Let i(g) = -g**3 + 9*g**2 + 14*g - 11. Is i(6) prime?
True
Let j(v) = -v**3 - 14*v**2 + 5*v - 19. Suppose -3*u + 4*u + 2*z + 23 = 0, -4*u = -5*z + 40. Is j(u) prime?
True
Let g be (8/(-6))/((-4)/6). Suppose -g*i = -0*i - 166. Suppose -5*b + i = 13. Is b composite?
True
Let f be (1/2)/((-2)/(-16)). Suppose -f*u = -5 - 15. Suppose -u*m - 89 = -3*d + d, -d = -5*m - 52. Is d a prime number?
True
Suppose k + 35 = 146. Is k composite?
True
Suppose -2*n + 492 = -1090. Is n composite?
True
Suppose z + 796 + 102 = 0. Let x = -399 - z. Is x a composite number?
False
Let r = 3 - 2. Let j be 0*r/2 + 3. Suppose -j*s + 1 = 13, 5*